5 divide 2613030?
True
Does 79 divide 21157069?
True
Does 50 divide 7150?
True
Is 2 a factor of 32447?
False
Does 143 divide 1164727?
False
Does 105 divide 5022360?
True
Is 1164 a factor of 6333324?
True
Is 180905 a multiple of 38?
False
Does 4 divide 22577?
False
Is 3 a factor of 1907304?
True
Is 14 a factor of 9101120?
True
Is 110 a factor of 1156964?
False
Is 2 a factor of 45765?
False
Is 1179508 a multiple of 16?
False
Is 113 a factor of 43037?
False
Is 4482617 a multiple of 3?
False
Is 20 a factor of 8980?
True
Is 198 a multiple of 2?
True
Does 267 divide 1057854?
True
Does 14 divide 172788?
True
Is 512600 a multiple of 5?
True
Does 108 divide 1682532?
True
Does 131 divide 631027?
True
Is 73301 a multiple of 12?
False
Is 1237719 a multiple of 21?
True
Is 152 a factor of 89072?
True
Does 147 divide 4960969?
False
Is 71 a factor of 430260?
True
Is 2338016 a multiple of 32?
True
Does 6 divide 1330746?
True
Is 202 a factor of 239774?
True
Does 347 divide 166211?
False
Is 243 a factor of 214256?
False
Is 431536 a multiple of 346?
False
Is 3160080 a multiple of 209?
True
Is 46 a factor of 145902?
False
Is 1213644 a multiple of 875?
False
Is 12 a factor of 633984?
True
Does 28 divide 259028?
True
Is 32071 a multiple of 9?
False
Is 1503719 a multiple of 5?
False
Does 50 divide 98800?
True
Is 13 a factor of 4560670?
False
Is 4193267 a multiple of 498?
False
Does 790 divide 4386631?
False
Is 16576 a multiple of 14?
True
Is 264 a factor of 2541792?
True
Does 10 divide 93417?
False
Does 31 divide 45603?
False
Is 126 a factor of 1612800?
True
Does 15 divide 229584?
False
Is 4922 a multiple of 23?
True
Is 4 a factor of 1743720?
True
Is 17 a factor of 112404?
True
Is 6685 a multiple of 458?
False
Does 72 divide 3032352?
True
Is 16 a factor of 19703?
False
Is 19468 a multiple of 124?
True
Does 5 divide 105935?
True
Is 2824946 a multiple of 685?
False
Does 12 divide 136020?
True
Does 33 divide 1055769?
True
Does 10 divide 444680?
True
Is 143444 a multiple of 56?
False
Is 7 a factor of 427105?
True
Is 15 a factor of 116220?
True
Is 6 a factor of 375599?
False
Is 19630471 a multiple of 1891?
True
Is 53 a factor of 12824?
False
Does 10 divide 4664230?
True
Is 3369696 a multiple of 48?
True
Is 95 a factor of 1955480?
True
Is 1368238 a multiple of 47?
False
Is 42680 a multiple of 16?
False
Does 266 divide 4736083?
False
Does 3 divide 65179?
False
Is 10485504 a multiple of 1517?
True
Does 53 divide 1411125?
True
Is 343 a factor of 129009?
False
Is 157300 a multiple of 143?
True
Does 26 divide 1307514?
True
Is 9 a factor of 1089?
True
Does 40 divide 378818?
False
Is 206128 a multiple of 44?
False
Is 504226 a multiple of 2?
True
Is 5 a factor of 49715?
True
Does 6 divide 385488?
True
Is 363336 a multiple of 148?
False
Is 1600884 a multiple of 81?
True
Does 4 divide 186?
False
Is 12146562 a multiple of 199?
True
Is 82764 a multiple of 51?
False
Does 74 divide 2752355?
False
Does 32 divide 218784?
True
Is 170 a factor of 341390?
False
Does 10 divide 6737?
False
Does 106 divide 199704?
True
Is 34377 a multiple of 10?
False
Is 462 a factor of 37422?
True
Does 40 divide 1063040?
True
Is 16132 a multiple of 37?
True
Is 16 a factor of 2295184?
True
Is 128269 a multiple of 43?
True
Does 98 divide 798896?
True
Is 762201 a multiple of 27?
False
Is 3967557 a multiple of 33?
True
Is 34 a factor of 624750?
True
Is 362 a factor of 560376?
True
Is 1367565 a multiple of 17?
True
Is 2389401 a multiple of 17?
True
Is 265 a factor of 443610?
True
Is 17 a factor of 13832716?
False
Is 672136 a multiple of 687?
False
Is 335 a factor of 38525?
True
Does 89 divide 375402?
True
Is 77 a factor of 317372?
False
Is 1329 a factor of 4106610?
True
Does 15 divide 2367973?
False
Is 87 a factor of 897446?
False
Is 199952 a multiple of 16?
True
Is 74425 a multiple of 51?
False
Is 24383190 a multiple of 78?
True
Does 3 divide 114438?
True
Does 31 divide 1433099?
True
Is 141 a factor of 551899?
False
Does 45 divide 354644?
False
Is 8 a factor of 234208?
True
Is 108555 a multiple of 8?
False
Does 232 divide 25341410?
False
Is 1343277 a multiple of 801?
True
Is 1710264 a multiple of 12?
True
Is 200 a factor of 21600?
True
Does 13 divide 160987?
False
Is 6723720 a multiple of 8?
True
Is 2115143 a multiple of 18?
False
Is 658224 a multiple of 3?
True
Is 175 a factor of 1283038?
False
Is 38 a factor of 12975226?
False
Is 13 a factor of 6552348?
False
Does 12 divide 1361599?
False
Is 13081760 a multiple of 680?
False
Is 430495 a multiple of 5?
True
Is 26 a factor of 2549274?
True
Is 9207660 a multiple of 330?
True
Is 241064 a multiple of 14?
False
Is 4029431 a multiple of 62?
False
Does 214 divide 145092?
True
Is 8 a factor of 3428305?
False
Is 10 a factor of 3781?
False
Does 1050 divide 11584225?
False
Does 270 divide 671417?
False
Is 5332109 a multiple of 3?
False
Is 7 a factor of 167531?
True
Is 69 a factor of 344172?
True
Is 33156 even?
True
Is 125 a factor of 6824?
False
Is 2624400 a multiple of 120?
True
Does 28 divide 19145728?
True
Is 228 a factor of 8148036?
True
Does 13 divide 208624?
True
Does 17 divide 305184?
True
Is 449750 a multiple of 82?
False
Is 22 a factor of 300371?
False
Does 20 divide 9471160?
True
Is 6528082 a multiple of 384?
False
Is 17 a factor of 2059977?
False
Does 497 divide 237278?
False
Is 2877038 a multiple of 271?
False
Does 96 divide 317390?
False
Is 10 a factor of 65070?
True
Is 38 a factor of 162868?
True
Is 200806 a multiple of 249?
False
Is 60 a factor of 521220?
True
Is 599 a factor of 2513404?
True
Is 3394512 a multiple of 16?
True
Is 2658018 a multiple of 1122?
True
Is 100812 a multiple of 6?
True
Is 149 a factor of 70179?
True
Is 681706 a multiple of 281?
True
Is 7 a factor of 1118534?
False
Is 231 a factor of 1513974?
True
Is 890 a factor of 1932272?
False
Is 34 a factor of 520608?
True
Does 6 divide 8804412?
True
Is 90 a factor of 5649300?
True
Does 481 divide 1587618?
False
Is 13 a factor of 11104561?
True
Does 7 divide 315673?
False
Does 538 divide 4690284?
True
Is 52350 a multiple of 6?
True
Is 143199 a multiple of 21?
True
Is 4937896 a multiple of 90?
False
Is 5 a factor of 51870?
True
Is 1235586 a multiple of 11?
True
Is 7 a factor of 1777282?
False
Is 449935 a multiple of 107?
True
Does 10 divide 351650?
True
Does 28 divide 62692?
True
Is 22428 a multiple of 21?
True
Is 1409592 a multiple of 12?
True
Is 23 a factor of 201526?
True
Does 394 divide 890547?
False
Is 5077620 a multiple of 180?
True
Is 1925847 a multiple of 147?
True
Is 44 a factor of 11354420?
True
Is 407480 a multiple of 87?
False
Is 59 a factor of 5333603?
False
Is 194 a factor of 108252?
True
Does 37 divide 46450?
False
Is 3341 a multiple of 17?
False
Does 688 divide 918480?
True
Does 8 divide 7182920?
True
Does 334 divide 1336?
True
Is 173 a factor of 22007?
False
Is 92 a factor of 1851224?
True
Is 1450176 a multiple of 7?
True
Does 507 divide 455793?
True
Is 357066 a multiple of 76?
False
Is 78 a factor of 365694?
False
Is 17 a factor of 1193298?
True
Is 14072826 a multiple of 23?
True
Is 5 a factor of 203999?
False
Is 36 a factor of 12528?
True
Does 61 divide 374787?
False
Is 22 a factor of 2911538?
False
Is 497745 a multiple of 30?
False
Is 73740 a multiple of 20?
True
Is 919 a factor of 407117?
True
Is 37 a factor of 15392?
True
Does 134 divide 984230?
True
Does 54 divide 1176660?
True
Is 1148987 a multiple of 1007?
True
Does 167 divide 1152435?
False
Is 925106 a multiple of 13?
True
Is 186450 a multiple of 30?
True
Does 339 divide 402393?
True
Does 28 divide 63206?
False
Is 152 a factor of 268157?
False
Is 258480 a multiple of 9?
True
Does 19 divide 5276376?
True
Does 303 divide 1588023?
True
Does 25 divide 465579?
False
Is 276203 a multiple of 7?
False
Does 191 divide 188696?
False
Does 4 divide 50084?
True
Is 37 a factor of 281940?
True
Does 340 divide 2653222?
False
Is 24 a factor of 156072?
True
Is 333 a factor of 3059923?
False
Does 202 divide 122816?
True
Is 3188846 a multiple of 19?
True
Does 9 divide 1140165?
True
Is 96160 a multiple of 8?
True
Does 128 divide 15126947?
False
Is 31 a factor of 111514?
False
Is 2596815 a multiple of 886?
False
Does 140 divide 683480?
True
Is 757 a factor of 2190758?
True
Does 53 divide 1382871?
False
Is 3 a factor of 2671180?
False
Is 74 